 are the prime factors of y?
3
Suppose -4*u + 63 + 9 = 0. Suppose -5*j - 10 = 0, -4*j = -4*b + u - 2. Suppose 2*i = -b*i + 8. List the prime factors of i.
2
Let l = 3 + -1. Let m(t) = -t**2 - 4*t - 2. Let u be m(-3). What are the prime factors of l + 1 - (-1)/u?
2
Suppose 4*c = 12 + 4. Suppose 44 = c*y + 5*q - 3*q, -q + 34 = 3*y. List the prime factors of y.
2, 3
Suppose 0 = -2*y - 1 + 9. Suppose 2*q + 32 = y*q. What are the prime factors of q?
2
Suppose x + 0*p + 5*p - 68 = 0, 2*x + 2*p - 104 = 0. List the prime factors of x.
2, 3
Suppose 0 = 5*k + 5*b + 10, -4*b + 15 = -5*k + 41. Let g(f) = f + f + 4*f**k - 1 - 4*f. List the prime factors of g(-1).
5
What are the prime factors of (-2)/16 + 15084/96?
157
Let b(m) = 2*m - 6. Let u = 13 + -9. Let d be b(u). Suppose 0 = -2*f - d + 12. List the prime factors of f.
5
Let z be (-5)/((-14)/6 + 2). Suppose 2*j - z = -5*i + 7*j, 9 = 3*i + 4*j. What are the prime factors of i?
3
Suppose -4*y = i - 39 + 1, i = 2. List the prime factors of 1*-1*(4 - y).
5
Let z(v) = 2*v**3 - v**2 + 1. Let c be z(1). Suppose i = c*h + 2*h - 6, 8 = 2*h. List the prime factors of i.
2, 5
Suppose 91 = -3*w + 19. What are the prime factors of (342/w)/(6/(-16))?
2, 19
Suppose -5 = -2*m + 1. Suppose 5 = 4*x - 5*q, m*q - 40 = -5*x - 6. List the prime factors of x.
5
Suppose -3*i = 2*t - 13, 4*t + i + 1 = 4*i. Suppose -t*w - 8 = -6*w. List the prime factors of w.
2
Let n(b) = b**3 - 7*b**2 - 6*b - 10. Suppose 2*i + 2*a - 16 = 0, -3*i + 3*a + 1 + 23 = 0. Let j be n(i). What are the prime factors of (j/12)/(2/76)?
19
Let t = 488 - 278. What are the prime factors of t?
2, 3, 5, 7
Suppose -3*u + 0 = -207. What are the prime factors of u?
3, 23
Let w(i) = -i**2 + 6*i - 2. Let j be w(6). Let h = j - 7. What are the prime factors of (-2)/3 + (-204)/h?
2, 11
Let a = 4 + 26. Suppose -6*c = -4*c - a. List the prime factors of c.
3, 5
What are the prime factors of 561/5 - -1 - (-1)/(-5)?
113
Let q(j) = j**3 - j**2 + 7*j - 14. List the prime factors of q(4).
2, 31
Let a(o) = 3*o**2 + o + 1. Let d be a(-1). Suppose 0*q = -d*q + 9. List the prime factors of q.
3
What are the prime factors of -111*((-50)/(-15) + -5)?
5, 37
Suppose -3*b = -4*b + 110. Suppose 30 = -5*y + b. What are the prime factors of y?
2
Let u(p) = p**3 + 11*p**2 - 13*p + 2. Let l be 2 - ((-34)/(-2) + -3). List the prime factors of u(l).
2, 7
Let j = -5 - -26. Suppose j = 3*v + w - 20, -5*w = -2*v + 50. List the prime factors of 4*(v/6 - 2).
2
Let n(l) = l**2 - l + 9. What are the prime factors of n(0)?
3
Let g(w) = w**3 - 3*w**2 + w + 5. List the prime factors of g(5).
2, 3, 5
Let j(x) be the second derivative of -x**4/12 - 5*x**3/6 + x**2/2 + 2*x. Let b be j(-6). Let p = -1 - b. What are the prime factors of p?
2
Suppose -22 = 2*q - 112. Suppose 6*m - q = 3*m. What are the prime factors of m?
3, 5
Let l = -197 - -111. List the prime factors of l/(-7) + (-10)/35.
2, 3
Suppose -5*z - 19 = -99. What are the prime factors of z?
2
Suppose -2*c + 5*q = c - 20, 0 = 4*c + 5*q - 15. Suppose c*z = z + 44. Suppose z = 4*k - 13. List the prime factors of k.
2, 3
Let p be ((-3)/2)/(5/(-10)). Suppose 0*x + 4*x - 9 = p*m, 3*m = -4*x + 39. Suppose -9 = -3*b + 2*d, -d + 28 = x*b - b. What are the prime factors of b?
5
Let m(d) = 39*d**3 - d**2 - d + 1. List the prime factors of m(1).
2, 19
Suppose 2*n + 7*n = 144. List the prime factors of n.
2
Let y be (-1)/1 + (-4)/2. What are the prime factors of (-3)/(-1) - y/1?
2, 3
Suppose -26 = -5*w - 11. Suppose r = w*r. Suppose -t + r*t + b = -9, -2*b - 6 = 0. List the prime factors of t.
2, 3
Let c(n) = -n**3 - n - 1. Let f(y) = -3*y**3 - 5*y**2 - 6*y - 5. Let u(j) = -2*c(j) + f(j). Let p be u(-3). Let i = -5 - p. List the prime factors of i.
2
Suppose 3*z + 6 = 5*z. Suppose -10 = -3*i - 2*v, -5*v + 3*v + 10 = -2*i. Suppose i*s + 27 = z*s. List the prime factors of s.
3
Let n(i) = -i**3 + 16*i**2 - 14*i - 12. What are the prime factors of n(15)?
3
Suppose 2*z = -2*z - 56. Suppose -3*a - 109 = 2*a + 2*y, a - 4*y + 13 = 0. Let v = z - a. List the prime factors of v.
7
Let p(c) be the third derivative of 1/60*c**5 + 0 + 1/12*c**4 + 0*c + 2*c**2 + 1/2*c**3. List the prime factors of p(-4).
11
Suppose -5*h + 24 = 2*m, -2*m + 3*m + 18 = 5*h. What are the prime factors of (m + 4)*4/6?
2
Let y(t) = 12*t + 4. List the prime factors of y(3).
2, 5
Let z = 9 + -13. Let f(j) = 3*j**2 - 7*j - 11. Let p(a) = 2*a**2 - 3*a - 6. Let o(v) = 3*f(v) - 5*p(v). List the prime factors of o(z).
5
Let t = 13 - -51. List the prime factors of t.
2
Suppose -13*r + 14*r - 25 = 0. List the prime factors of r.
5
Let f(t) = -t**2 + 10*t - 10. Let j be f(8). Let r = -8 + j. What are the prime factors of (0 + -2)/(r/7)?
7
Let q = -33 + 137. List the prime factors of q.
2, 13
Let a(z) = z - 3. Let w be a(7). Suppose 0 = w*p + 4*v - 60, 0*v - 73 = -5*p - 3*v. List the prime factors of p.
2, 7
Let q(w) be the third derivative of w**5/30 - w**4/24 + w**3/6 - 4*w**2. List the prime factors of q(3).
2
List the prime factors of 11/((-44)/(-120)) - 1.
29
Let v = -1 + 27. What are the prime factors of v?
2, 13
What are the prime factors of (22 - 15)*(96/14)/1?
2, 3
Let n = -53 + 77. What are the prime factors of n?
2, 3
Suppose 4*p + 54 = 6*p. List the prime factors of p.
3
Let a(u) = -u**3 - 7*u**2 + 8*u + 2. Let b be a(-8). Suppose -b*r = r - 21. Let t(g) = g**2 - 5*g. List the prime factors of t(r).
2, 7
What are the prime factors of (1 + 1)*93/6?
31
Suppose 0 = -3*n - 6, -2*t + n + 6 = -0*t. Let y(r) = t*r - 2 - 2 + 3*r - r. List the prime factors of y(4).
2, 3
Suppose 114 = -0*p + 2*p. List the prime factors of p.
3, 19
Let z = 286 - 71. Suppose 3*s - z = -2*s. List the prime factors of s.
43
Let d(j) = -j + 6. Let u = -1 - -4. Let i = u - 3. List the prime factors of d(i).
2, 3
Let d(r) = r**2 + 4*r + 1. Let y be d(4). Suppose -5*f = -y - 17. Let h(k) = k + 3. List the prime factors of h(f).
13
Suppose 0*q + 2*q = -4*w + 164, 4*q = -4*w + 156. What are the prime factors of w?
43
Let t(a) = a**3 - 7*a**2 - 9*a + 21. What are the prime factors of t(9)?
2, 3, 17
Let z = 5 + -2. Let t = 4 + z. What are the prime factors of t?
7
Let p(r) = -r - 2. Let j be p(4). Let c(o) = o**2 + 5*o - 6. Let m be c(j). Suppose m*z - 2*z = -10. List the prime factors of z.
5
Suppose 3*w - 1 = y, -4*y + 9 = 4*w - 19. Suppose 0 = y*f - 35 - 55. Suppose d - 1 - f = -3*h, 0 = 3*d - 5*h - 1. List the prime factors of d.
7
Suppose -h = h - 34. Let g = -25 + h. Let w = g - -12. List the prime factors of w.
2
Let k(h) = 5*h + 2 + h + 4*h + h**2 + 2. Let j be k(-10). Suppose 3*m + 2*m - 4*q - 73 = 0, -2*m + 22 = -j*q. List the prime factors of m.
17
Suppose 3*n = 2*n + 21. Suppose 0 = -2*i - 2*x + 60, 2*i - n = -x + 36. List the prime factors of i.
3
Suppose 0 = -5*b - 95 + 285. List the prime factors of b.
2, 19
Suppose -f - 8 = -3*t, 0 = 2*f - f + 5*t - 24. Suppose 7 = f*r - 9. What are the prime factors of r?
2
Let n be (-4)/(-3 + 1) + 1. Suppose -n*q = -0*q - 3. What are the prime factors of q - -1 - (3 - 14)?
13
Suppose -3*k = -4*z - 426, 477 = 4*k - z - 104. List the prime factors of k.
2, 73
Let g(j) = 2*j**2 - j + 7. What are the prime factors of g(-4)?
43
Let q be 1*5/((-15)/42). Let k = q - -27. What are the prime factors of k?
13
Let h(y) = -7 - 7*y + y + y**3 + 2*y - 6*y**2. What are the prime factors of h(7)?
2, 7
Let d(b) = 7*b**2 + b + 3. Let h(g) = g + 16. Let y be h(-18). List the prime factors of d(y).
29
Suppose -3*m = 2*b - 93, 0*m - 2*m + 55 = -b. Let d = m - 15. What are the prime factors of d?
2, 7
Let z = -70 + 112. List the prime factors of z.
2, 3, 7
Let h = -14 + 18. What are the prime factors of h?
2
Let f(s) = -s**3 - 3*s**2 + 8*s + 7. What are the prime factors of f(-5)?
17
Let l = 145 - 74. What are the prime factors of l?
71
Suppose -73 = -4*y - 9. What are the prime factors of y?
2
List the prime factors of (330/(-7) - 0)/((-138)/644).
2, 5, 11
Let n(u) = -2*u**2 + 1. Let z be n(-6). List the prime factors of z/(-4) - 5/(-20).
2, 3
Suppose x = -z + 4, -5*x - 2*z - 4 + 24 = 0. List the prime factors of x.
2
Let s = 650 - 388. What are the prime factors of s?
2, 131
Let d(c) be the second derivative of -c**5/20 - 17*c**4/12 + 17*c**3/6 - 3*c**2/2 - 6*c. List the prime factors of 